{"id":2,"date":"2009-05-03T18:42:08","date_gmt":"2009-05-03T16:42:08","guid":{"rendered":"http:\/\/www2.spd-loffenau.de\/?page_id=2"},"modified":"2017-04-24T14:04:44","modified_gmt":"2017-04-24T12:04:44","slug":"ueber-mich","status":"publish","type":"page","link":"http:\/\/www.spd-loffenau.de\/?page_id=2","title":{"rendered":"SPD-Vorstand"},"content":{"rendered":"<h3><a name=\"1075756364\"><\/a>Der SPD-Vorstand<\/h3>\n<h5>Ihre Ansprechpartner f\u00fcr Loffenau<\/h5>\n<p><strong>1. Vorsitzender<\/strong><\/p>\n<p>Gert B\u00fchringer<br \/>\nMerkurstra\u00dfe 19<br \/>\n76597 Loffenau<\/p>\n<p>Tel.: 07083\/1539<\/p>\n<p><strong>2. Vorsitzender<\/strong><\/p>\n<p>Klaus Klenk<br \/>\nKrisenstr. 17<br \/>\n76597 Loffenau<\/p>\n<p>Tel.: 0 70 83\/3574<\/p>\n<p><strong>Kassier<\/strong><\/p>\n<p>Helmut M\u00f6hrmann<br \/>\nReutstr.<br \/>\n76597 Loffenau<\/p>\n<p>Tel.: 0 70 83\/3824<\/p>\n","protected":false},"excerpt":{"rendered":"<p>Der SPD-Vorstand Ihre Ansprechpartner f\u00fcr Loffenau 1. Vorsitzender Gert B\u00fchringer Merkurstra\u00dfe 19 76597 Loffenau Tel.: 07083\/1539 2. Vorsitzender Klaus Klenk Krisenstr. 17 76597 Loffenau Tel.: 0 70 83\/3574 Kassier Helmut M\u00f6hrmann Reutstr. 76597 Loffenau Tel.: 0 70 83\/3824<\/p>\n","protected":false},"author":1,"featured_media":0,"parent":0,"menu_order":0,"comment_status":"open","ping_status":"open","template":"","meta":{"spay_email":""},"jetpack_sharing_enabled":true,"jetpack_shortlink":"https:\/\/wp.me\/P74UnC-2","_links":{"self":[{"href":"http:\/\/www.spd-loffenau.de\/index.php?rest_route=\/wp\/v2\/pages\/2"}],"collection":[{"href":"http:\/\/www.spd-loffenau.de\/index.php?rest_route=\/wp\/v2\/pages"}],"about":[{"href":"http:\/\/www.spd-loffenau.de\/index.php?rest_route=\/wp\/v2\/types\/page"}],"author":[{"embeddable":true,"href":"http:\/\/www.spd-loffenau.de\/index.php?rest_route=\/wp\/v2\/users\/1"}],"replies":[{"embeddable":true,"href":"http:\/\/www.spd-loffenau.de\/index.php?rest_route=%2Fwp%2Fv2%2Fcomments&post=2"}],"version-history":[{"count":4,"href":"http:\/\/www.spd-loffenau.de\/index.php?rest_route=\/wp\/v2\/pages\/2\/revisions"}],"predecessor-version":[{"id":810,"href":"http:\/\/www.spd-loffenau.de\/index.php?rest_route=\/wp\/v2\/pages\/2\/revisions\/810"}],"wp:attachment":[{"href":"http:\/\/www.spd-loffenau.de\/index.php?rest_route=%2Fwp%2Fv2%2Fmedia&parent=2"}],"curies":[{"name":"wp","href":"https:\/\/api.w.org\/{rel}","templated":true}]}}